) be the first derivative of -c**2/2 + 70*c + 31. What is the remainder when h(0) is divided by 25?
20
Suppose 4*g - 2*j = 1008, 5*j + 763 = 3*g + 7. Suppose -6*o + g = -4*o. What is the remainder when o is divided by 43?
40
Let f = -48 + 53. Suppose -f*m = -252 + 37. Calculate the remainder when m is divided by 12.
7
Let u be 2045/9 + (-1 - 14/(-18)). Let x = u - 121. What is the remainder when x is divided by 28?
22
Suppose -95*j = -93*j - 190. What is the remainder when j is divided by 36?
23
Suppose 0 = 3*k - 4*l - 108, 3*k - l + 40 - 139 = 0. Let a = 60 - k. Calculate the remainder when 52 is divided by a.
24
Let c = -56 - -116. Suppose -j + c = 5*j. Calculate the remainder when 29 is divided by j.
9
What is the remainder when 795 is divided by (325/39 + -6)/(1/18)?
39
Let s = 87 - 83. What is the remainder when 18 is divided by s?
2
What is the remainder when 590/22 + 18/99 is divided by 28/(5/5*2)?
13
Let m(s) = 28*s + 1. What is the remainder when (-10 - -9)/(114/(-113) + 1) is divided by m(2)?
56
Let n(v) = v - 4. Let g be n(6). Let c(p) = -4*p + g - p - 2 + 13 - p**2. Calculate the remainder when 25 is divided by c(-6).
4
Let d(v) = -11*v - 8. Let l(a) = a**2 + 7*a + 4. Let f be l(-7). Suppose 3*j - 5*b = -13, f*j + 4*b + 22 = j. What is the remainder when d(j) is divided by 20?
18
Suppose -2*r - 2*v = 3*v + 7, 3*r = -3*v + 3. Suppose g + r*u = 5, -2*g + 6*u + 23 = u. Calculate the remainder when 42 is divided by g.
6
Suppose 0 = -3*z + 4*n - 0 - 5, n + 4 = 0. Let q(h) = h**2 + 7. Calculate the remainder when q(z) is divided by 10.
6
Let r(z) = -z**3 - z**2 - 4*z - 28. What is the remainder when r(-4) is divided by 24?
12
Let q(j) = 17*j**2 - 82*j + 10. Calculate the remainder when q(7) is divided by 43.
11
Let c = -20 - -35. Let m = -11 - -15. Suppose -m*q - 24 = -7*q. What is the remainder when c is divided by q?
7
Let x(l) = 13*l + 11. Let o(h) = 19*h + 16. Let g(r) = -5*o(r) + 7*x(r). Let u be g(-7). Suppose u = 2*a - 7. What is the remainder when 47 is divided by a?
15
Let z = 215 - 48. Calculate the remainder when z is divided by 13.
11
Suppose 0 - 8 = -2*r. Let y = -1050 + 1054. What is the remainder when r is divided by y?
0
Calculate the remainder when (-1000)/(-9 + 4) + (-18)/(-3) is divided by 13.
11
Let m(g) = -g**2 + 21*g - 14. Calculate the remainder when 84 is divided by m(19).
12
Let v(m) = -52*m**3 - 1. Let x be v(-1). Suppose -3*k = -4*i - x, 3*k + i + 46 = 112. Calculate the remainder when 40 is divided by k.
19
Suppose -4*y + 6 - 2 = 0. Let h = 46 + -41. Suppose q = -3*p + 7 + 6, 3*p - q = h. Calculate the remainder when p is divided by y.
0
Suppose -60 = -q - 3*x, x + 51 = 3*q - 79. Calculate the remainder when 306 is divided by q.
36
Let s = -4 + 6. Let g(d) = -d**2 - 7*d + 5. Calculate the remainder when g(-7) is divided by (-9)/(-1 - s) - 2.
0
Suppose 2*h = 6 + 12. Suppose 0 = -0*w - 3*w + h. What is the remainder when 9 is divided by w?
0
Let x = 47 + 2. Suppose 4*j = 9 - 45. Let v(a) = -2*a**3 - 17*a**2 + 9*a + 13. What is the remainder when x is divided by v(j)?
10
Let j(l) = l**2 + 8*l - 3. Let a be j(-6). Let s = a + 19. Suppose 5*x - 19 = -3*o + 51, -s*o + 4*x = -40. Calculate the remainder when 57 is divided by o.
12
Suppose 622 - 166 = 12*a. What is the remainder when 187 is divided by a?
35
Suppose 3*y = 2*r - 180, y = 5*r + 6*y - 500. What is the remainder when r is divided by 33?
30
Suppose 25*k - 659 = 91. What is the remainder when k is divided by 5?
0
Let m(k) = -k**2 + 7*k - 3. Let o be m(6). Suppose 4*b - 5 = o. What is the remainder when 6 is divided by b?
0
Suppose -17 - 13 = -2*z - b, 4*z - 3*b - 70 = 0. What is the remainder when 29 is divided by z?
13
Calculate the remainder when 22 is divided by ((-28)/(-63))/(2/36).
6
Suppose 4*q - 3*p - 552 - 31 = 0, 0 = -q + 2*p + 152. Calculate the remainder when q is divided by 29.
26
What is the remainder when 300 is divided by 745/15 - (-24)/18?
45
Suppose -5*a - 390 = -8*a. Calculate the remainder when a is divided by 33.
31
Let k(i) be the second derivative of i**5/20 + i**4/3 + i**3/3 + 3*i**2/2 - 36*i. Calculate the remainder when 12 is divided by k(-2).
5
Let m = 16 + -10. Suppose -m = -4*i + 6. Suppose 5*q - 6*q - 2*x = 2, i*q - 2*x - 34 = 0. What is the remainder when 23 is divided by q?
7
Let j = 22 + 5. Suppose -2*d - 2*c + 95 = j, -5*c + 34 = d. What is the remainder when d is divided by (0 + 1)*(-5 - -14)?
7
Let t(l) = 2*l**3 + 2*l + 1. Suppose 16 = 2*w - 5*d + d, -2*d - 10 = 0. Let i be t(w). Let c = -3 - i. Calculate the remainder when 29 is divided by c.
13
Let l = 13 - 97. Let p = l + 127. Calculate the remainder when 127 is divided by p.
41
Suppose 0*w - 113 = -5*w - o, 4*w = 4*o + 76. Let h(x) = 3*x**3 - 6*x**2 + 8*x - 8. What is the remainder when w is divided by h(2)?
6
Suppose -13*x = 10*x - 199 - 2630. Suppose -z + 0*z = -14. Calculate the remainder when x is divided by z.
11
Suppose -35*y = -6*y - 2465. What is the remainder when y is divided by 29?
27
What is the remainder when (42/(-12))/((-1)/20*2) is divided by 2?
1
Suppose 184*j - 181*j = -3*w + 75, -2*j - 66 = -2*w. Calculate the remainder when w is divided by 14.
1
What is the remainder when (-2)/((16/(-83))/8) is divided by 22?
17
What is the remainder when 615/12 - (-6 - 210/(-40)) is divided by 4?
0
Suppose 45*t - 10 = 40*t. Suppose -5*w = t*x - 230, 5*x = -2*w - w + 119. What is the remainder when w is divided by 20?
8
What is the remainder when -15*(-11)/((-22)/(-16)) - -4 is divided by 127/4 + (-3)/(-12)?
28
Let a(h) = 2*h**2 - 6*h - 4. Let m be a(4). Suppose -5*o + 40 = 5*c, -7*c = -m*o - 9*c + 32. What is the remainder when 37 is divided by o?
5
Let x(k) = -k + 1. Suppose -7 = w + l, 2 = -w - w + l. What is the remainder when x(w) is divided by 2?
0
Suppose -12*k + 225 = -195. Calculate the remainder when 124 is divided by k.
19
Let p(y) = y - 9. Let s be p(9). Suppose s = -3*f - 1 - 2. Let v = 16 - f. What is the remainder when 32 is divided by v?
15
Calculate the remainder when 56 is divided by (-3 + (-28)/(-8))*30.
11
Suppose 5*o + 2*u = 520, -4*o - 5*u + 416 = -0*o. Calculate the remainder when o is divided by 22.
16
Suppose 8 = -5*d - 2*p + 49, 3*p = 5*d - 51. What is the remainder when (2/(-4))/(3/(-90)) is divided by d?
6
Suppose -5*n - h - h = -36, -2*n + 27 = 5*h. Suppose -2*x + 5 = -l, 2*x = 5*l + 1 - 0. What is the remainder when x is divided by n*1/(-2) - -5?
1
Let m = -213 - -219. What is the remainder when 153 is divided by m?
3
Suppose -32 = 3*v - 5*v. Calculate the remainder when v is divided by ((-45)/(-20))/(1/4).
7
Let i(v) = -2*v**2 + 26*v - 3. Let b(l) = 3*l**2 - 51*l + 7. Let j(y) = -4*b(y) - 7*i(y). What is the remainder when j(-16) is divided by 26?
23
Let n be (-33)/(-4) - (-15)/(-60). Let r(o) = o**2 - 6*o - 3. Suppose -4*d = 77 - 221. What is the remainder when d is divided by r(n)?
10
What is the remainder when 4/(-6) - 1885/(-15) is divided by 29?
9
Calculate the remainder when 39 is divided by (3 + -1 - 3)*(-39 + 6).
6
Let l = -28 + 43. Suppose l = 6*d - d. Suppose -27 = -5*t + 13. Calculate the remainder when t is divided by d.
2
Let i = 153 + -147. Suppose 2*g = i*g + 2*f - 46, -f = 5. Calculate the remainder when 69 is divided by g.
13
Suppose s = -4*h + 4, -s - 12 = -3*h - 2. Suppose 4*p = -5*y + 59, -h*p = -y + 19 + 4. What is the remainder when 42 is divided by y?
12
Let p(b) = -22*b**3 - 3*b**2 + 1. What is the remainder when 101 is divided by p(-1)?
1
Let v = 244 - 167. Let s = -47 + v. Calculate the remainder when s is divided by 11.
8
Let r be 4/14 + 481/(-91). What is the remainder when 43 is divided by 7*4 - (9 + r)?
19
Suppose 3*t = 4*m - 169 + 56, 2*m + 3*t = 79. Calculate the remainder when 85 is divided by m.
21
Suppose 0 = -4*w + 5*d + 95, 2*w + 3*w = -d + 126. Let j = -196 - -210. What is the remainder when w is divided by j?
11
Suppose 0 = -21*i + 3869 + 478. Calculate the remainder when i is divided by 7.
4
Let l = 398 + -227. What is the remainder when l is divided by 26?
15
Suppose 113*b - 100 = 103*b. Calculate the remainder when 145 is divided by b.
5
Let h = 417 - 269. What is the remainder when h is divided by 38?
34
Let v be (35 + -19)*(0 - -4). Let z = v - 56. What is the remainder when z is divided 